et k = q + m. What is the units digit of k?
8
Suppose 23*k + 1113 = 26*k. What is the hundreds digit of k?
3
Let x = 556 - 312. What is the hundreds digit of x?
2
Suppose -2*m = -5*z - m + 20, -2*z - m = -8. Suppose s - 6 = -0. Suppose -z*r - 2 = -s*r. What is the units digit of r?
1
Let b(u) = 23*u**2 + 4*u + 42. What is the units digit of b(-6)?
6
Let u(s) be the first derivative of s**5/60 + s**4/4 + s**3/2 - 2*s**2 + 3. Let y(r) be the second derivative of u(r). What is the tens digit of y(-8)?
1
Suppose 2*b - 10 = -2*c, -b - 4*c + 20 = -6*b. Suppose 5*y = 2*g + 149, b*y = -4*y - 5*g + 139. What is the units digit of y?
1
Let n(l) = l + 8. Let r be n(-4). Suppose r*c - 68 = 52. What is the tens digit of c?
3
Let o(n) = 2 - 73*n + 3 + 2 - 6. Let w be o(1). What is the units digit of (w/45)/((-1)/5)?
8
Let z(w) = -15*w - 62. Let c be z(-14). Let x = c - 98. What is the tens digit of x?
5
Let y = -30 + 35. Suppose -2*k - 52 - 22 = -w, -w + 83 = -y*k. What is the tens digit of w?
6
Suppose 12*b - 1876 = 164. What is the units digit of b?
0
Suppose -y = x + 175, y - 205 = 2*y - 5*x. Suppose -8 + 360 = -8*n. What is the tens digit of 3/(-4 + y/n)?
3
Let a(d) = -d**2 + 11*d - 25. What is the units digit of a(5)?
5
Let l(b) = 20*b + 212. What is the tens digit of l(10)?
1
Let m(t) be the third derivative of t**5/60 + 5*t**4/12 - 10*t**3/3 - 14*t**2. Let u be 6*3*(-10)/12. What is the units digit of m(u)?
5
Let k(d) = 4*d + 84. What is the units digit of k(0)?
4
Suppose 4*t - 4*h - 3496 = 0, -2*t - 2*h + 1754 = -h. What is the tens digit of t?
7
Let n(w) = -17*w**3 + 2*w**2 - 7*w - 27. What is the thousands digit of n(-6)?
3
Let k(t) = -35*t. Let a be k(-1). Let u = a - 14. What is the tens digit of u?
2
Let o = 2 + 3. Suppose 3*u + 2*w - 53 = 0, -u = u - w - 26. Suppose 3*k - 12 - u = -v, 0 = o*v + k - 65. What is the tens digit of v?
1
Suppose -2*m + v + 728 = 0, -2*v - 3*v = -4*m + 1450. What is the units digit of m?
5
Suppose 0 = -3*q + 3*v + 546, 4*q = -104*v + 107*v + 731. What is the units digit of q?
5
Let i(p) = -105*p**3 + 2*p**2 - 1. Suppose 5 - 2 = -3*z. Let r be i(z). Suppose -r = -5*x - 4*d, -d + 5*d - 62 = -3*x. What is the tens digit of x?
2
Let b(j) be the third derivative of -j**5/30 + 11*j**4/8 + 2*j**3/3 + 14*j**2. What is the tens digit of b(8)?
4
What is the thousands digit of -1270*(-12)/(-96)*-12?
1
Suppose h + 2*h + 329 = 2*i, i - 166 = 3*h. Suppose 4*a + 11 = i. What is the units digit of a?
8
Suppose 3*a - v = 123, -4*a - 3*v - 2*v + 145 = 0. Let p = 57 - a. What is the units digit of p?
7
Let t(u) = -u**3 + 21*u**2 + 7*u - 25. What is the tens digit of t(19)?
3
Let y(h) = -60*h + 353. What is the hundreds digit of y(-20)?
5
Let p(q) = 210*q**2 - 10*q + 28. What is the tens digit of p(2)?
4
What is the hundreds digit of 3/6*(2554 + 4) - -3?
2
Let d(c) = c**2 - 4*c + 29. Suppose 5*o - 5*w = 5, -4*w - 4 = -4*o - o. What is the tens digit of d(o)?
2
Let l(z) = 3*z**3 - 10*z**2 + 12*z - 15. What is the units digit of l(6)?
5
Suppose -3*h + 797 = -799. Suppose 0*w - 7*w = -h. Let i = w - 27. What is the units digit of i?
9
Suppose -c - 26 = -5*r, -4*c = 2*r + 2*r + 8. Let a = 10 + c. Suppose 0 = 5*t + 5*x - 70, t - 2*t + a*x + 24 = 0. What is the units digit of t?
6
Suppose -486 - 1379 = -5*h. What is the tens digit of h?
7
Let m(i) = i**3 + i**2. Let o(q) = 84*q**3 - 7*q**2 + q. Let c(d) = 5*m(d) + o(d). What is the units digit of c(1)?
8
Let o(c) = 3*c - 2 - 4*c + 6*c**2 - 4*c**2. Let k be o(2). Suppose 0 = k*u - 93 - 11. What is the units digit of u?
6
Let o be 2 - (-4)/(-8)*0. What is the tens digit of -3 - 38/(-2) - o?
1
Suppose 6722 = 11*x - 1539. What is the hundreds digit of x?
7
Let s = -1 + 5. Let g be (-138)/((-3)/s - 0). Suppose 2*c = -5*u + 116, g = 3*c + 2*u + 3*u. What is the units digit of c?
8
Suppose 0 = -0*m - 4*m. Suppose 0 = k - 3*w - 92, -12 = -3*w - m*w. What is the hundreds digit of k?
1
Suppose 8*n = -22 + 3206. What is the units digit of n?
8
Let h be 76 + (7 + -2)/(-5). Let f = h - 13. What is the tens digit of f?
6
Let a be 11 + 6/4*-2. Suppose 71 = a*d - 297. What is the units digit of d?
6
Let w(r) = r**3 - 3. Suppose -4 + 1 = 3*o, -4*i + 29 = -5*o. What is the tens digit of w(i)?
1
Let i(z) = -137*z - 31. What is the hundreds digit of i(-3)?
3
Suppose -60 - 40 = 4*v. Let n be 5 + -2 + (66 - 1). Let q = v + n. What is the units digit of q?
3
Let i(n) = n**2 + 7*n + 2. Let h be i(-7). Suppose h*d = -d + 117. What is the tens digit of d?
3
Let r be (-282)/21 - (-9)/21. Let m(g) = -19*g - 43. What is the units digit of m(r)?
4
Let j(x) = 2*x**2 + 6*x - 5. What is the tens digit of j(-17)?
7
Let c = -17 - -12. Let l(i) be the third derivative of i**5/60 - i**4/6 + i**3 + i**2. What is the tens digit of l(c)?
5
Let m be (2/2)/1 + 16. Let k = m + -26. What is the tens digit of k/3 - -3 - -79?
7
Suppose 3*k - 7*l - 3731 = -6*l, -5*k + l + 6217 = 0. What is the thousands digit of k?
1
Let o = -53 + 58. Suppose -243 = -8*x + o*x. What is the units digit of x?
1
Suppose l = 1, -7*r = -3*r + 3*l - 935. Let d = 449 - r. What is the units digit of d?
6
Let o(p) = -213*p**3 + p**2 - 18*p - 23. What is the tens digit of o(-3)?
9
What is the tens digit of (99*-4)/(-6) + 5 + 4?
7
Suppose 4*s + 16*s = 7860. What is the units digit of s?
3
What is the tens digit of (-1692 - -6)/(-3) + -6 + 11?
6
Let t = 6 - -11. Suppose 20*w - 708 = t*w. Suppose -4*c + w = c + 2*b, -2*c + 100 = -2*b. What is the units digit of c?
8
Let n = -260 - -512. What is the hundreds digit of n?
2
Suppose -120 = -6*z - 0. What is the units digit of 5*((-28)/z - -2)?
3
Suppose -1236 = -12*u + 804. Suppose -u = -2*o - 0*o. What is the units digit of o?
5
Let m(u) = 4 + 1 + 5 + 2*u - u. Let d be (3 + -1)*(-14)/4. What is the units digit of m(d)?
3
Let s = -342 - -562. What is the units digit of s/20 + (0 - -1)?
2
Let c = 20 + -21. Let s be 1*4/c*-1. Suppose -3*t + 26 + 203 = 4*v, s*t = -v + 67. What is the tens digit of v?
5
Suppose 6254 = 34*n - 33220. What is the thousands digit of n?
1
Let v = 4 + -12. Let x(u) be the second derivative of u**5/20 + 3*u**4/4 + 2*u**3/3 - 5*u**2 + 2*u - 2. What is the tens digit of x(v)?
2
Let v be 3/(-5)*(0 - 5). Suppose -348 = -v*f - f. What is the tens digit of f?
8
Let a(k) = -8*k - 38. Let h = -7 - 2. What is the units digit of a(h)?
4
Let j(n) = -n**3 + 15*n**2 - 13*n + 3. Let l(z) = -2*z + 4. Let u be l(-5). What is the units digit of j(u)?
7
Let f(b) = 2*b**3 + 3*b**2 + 3*b - 9. Let i(d) = d**3 + 2*d**2 + 2*d - 4. Let j(r) = 2*f(r) - 5*i(r). What is the units digit of j(-5)?
7
Let h = 3 + 3. Let n be h/(-9)*3*4. Let z = n - -20. What is the tens digit of z?
1
Let y = 7062 - 4827. What is the hundreds digit of y?
2
Let u(v) = 2*v**2 + 7*v + 7. What is the tens digit of u(10)?
7
Let l be 2/(-4) - 2/4. Let r(i) = -11*i**2 - i - 1. Let s be r(l). Let b = 17 + s. What is the units digit of b?
6
Let n = 113 + -53. Suppose -c - 3*z = -6, -z - 2*z + n = 4*c. Suppose -1 = o - c. What is the tens digit of o?
1
Suppose 0 = -a - 3*c + 563, 5*a + 0*a - 3*c = 2743. What is the tens digit of a?
5
Let s = 30 - 38. Let r(a) = a**2 + 10*a + 14. Let x be r(s). What is the units digit of 5/x*(-15 + -5)?
0
Suppose -68 = -4*l - 2*a, -4*l + 0*a = -2*a - 76. Let q = l - 13. Let b = 8 + q. What is the units digit of b?
3
What is the units digit of 5 + (0 - (3 + -931))?
3
Let c be 20/(-5*8/(-60)). Suppose m - 48 = -4*t, -3*t - 219 = -3*m - c. Suppose -m = -0*u - 5*u. What is the tens digit of u?
1
Let i(v) = 221*v + 23. What is the hundreds digit of i(4)?
9
Let n be ((-3)/4)/((-2)/8). Suppose -n = -u + 6. Suppose 5*x = u*x - 80. What is the units digit of x?
0
Suppose 9 = 5*r - 11. Let x(t) = 3 + t - 7*t + r*t. What is the tens digit of x(-5)?
1
Let n(j) = j**3 + 6*j**2 + 7*j + 1. Let k be n(-4). Suppose -k*i = o - 47, i + 3*i + 5*o = 25. What is the tens digit of i?
1
Let x(g) = -14*g - 2. Let b be x(2). Let p = b - -34. What is the tens digit of -48*(-2 + -2)/p?
4
Suppose q = -4*u + 935, -4*u = 21*q - 23*q + 1846. What is the tens digit of q?
2
Let n(p) = p + 3. Let k be n(-8). Let v = k + 14. Suppose v + 15 = 3*r. What is the units digit of r?
8
Let i be (-3)/2*33572/(-66). Suppose -4*d + 20 = 0, d = 3*c + c - i. What is 